tor of y and 9.
9
Let m be (-15)/(-18) - ((-220)/385 - 6938/84). Calculate the highest common factor of m and 1356.
12
Suppose p - 30 = 14. Suppose -9*f = -5*f - p. Let s be (f + -17)/((-6)/64). Calculate the highest common divisor of 8 and s.
8
Let l(v) = v**2 - 21*v - 40. Let p be l(26). Suppose 7*a = -2*a + p. Calculate the greatest common divisor of a and 8.
2
Suppose -3*i - 166 + 46 = 0. Let y = -19 - i. Let k = -349 - -454. Calculate the greatest common factor of k and y.
21
Suppose -t = -2, 7*g - 4*g - 141 = -3*t. Let x = 59 - g. What is the greatest common divisor of x and 238?
14
Let f be ((-70)/(-4))/(1/50). Suppose -5*l + u + 3*u + f = 0, 3*l - 518 = u. What is the greatest common factor of l and 19?
19
Let b(z) = -4*z**2 + 82*z - 58. Let h be b(17). Calculate the highest common factor of h and 50.
10
Let b be ((-4)/3)/((-92)/305325). Calculate the highest common factor of 177 and b.
177
Let w be (2692/(-10) - -4)/(18/(-60)). What is the greatest common factor of w and 26?
26
Let s(d) = 3*d**3 - 13*d**2 + 14*d - 6. Let a be s(8). Suppose -20*f = -2*f - a. What is the highest common factor of f and 120?
15
Let c(l) = -6*l + 8. Let u be c(-5). Let t be (-91344)/(-408) + -1 + u/34. Let v = t + -130. What is the greatest common divisor of 47 and v?
47
Let p = -1477 - -1573. Calculate the greatest common divisor of p and 432.
48
Let y(a) = -a**3 - 2*a**2 - 73*a - 558. Let v be y(-7). Calculate the highest common divisor of v and 1166.
22
Suppose 3222 = 5*v - 1653. What is the greatest common factor of v and 273?
39
Let x = 1947 - 1793. Let v = -6 + 20. What is the greatest common divisor of v and x?
14
Let b = 20718 + -20418. What is the greatest common divisor of b and 580?
20
Let z be (-129 + 3)*(12 - -4)/(-32). What is the highest common divisor of z and 30177?
63
Let t(a) = -210*a + 638. Let b be t(3). What is the greatest common factor of b and 5632?
8
Suppose 35*w - 2 = 34*w, 5*w - 480 = -5*b. Let l = 584 + 450. Calculate the greatest common factor of l and b.
94
Let b(t) = 49*t**2 + 111*t - 223. Let c be b(18). What is the highest common factor of 19 and c?
19
Suppose -15*t = -7399 - 6101. Let j = t - 848. Calculate the highest common divisor of 247 and j.
13
Let m = 36532 - 35524. Calculate the greatest common divisor of m and 826.
14
Let j be -1 - (-611 + (7 - (7 - 1))). Calculate the highest common divisor of j and 87.
87
Let p be 6296/18 + (-14)/(-63). Suppose -2*m + 2*h - 5*h + 375 = 0, p = 2*m - 2*h. Let c = 20 - 0. What is the highest common factor of m and c?
20
Let y(n) = -7*n + 564. Let j be y(50). What is the highest common factor of 4 and j?
2
Let f(b) = -b - 32. Let v be f(-47). Suppose 4*u - 3 = -3*p, 2*p = -5*u + 3*u. Calculate the greatest common divisor of v and u.
3
Let p be ((-636)/147 - -8)*7 - 4/(-14). Calculate the greatest common divisor of 9022 and p.
26
Let y(x) = x**3 - 5*x**2 + 13*x - 9. Let a be (-5)/2*(-48)/20. Let k be y(a). What is the greatest common factor of 15 and k?
15
Suppose -36*h + 5*z - 308 = -39*h, -404 = -4*h - 5*z. What is the greatest common factor of 720 and h?
48
Suppose 4*c - 5 = 395. Suppose 180 = 5*o + c. Calculate the greatest common factor of 176 and o.
16
Let i be (30/9)/((-1)/3). Let f = 5 + i. Let w be 18/5*f/(3/(-3)). What is the highest common factor of 162 and w?
18
Let o(i) = -662*i + 534. Let f be o(-14). What is the highest common divisor of 26 and f?
26
Suppose -3*i = -2*t - 768, 0 = 377*i - 374*i + 3*t - 768. What is the highest common factor of 144 and i?
16
Let x be 1*(0 + -1 + 2). Let n(j) = 16*j + 1. Let r be n(x). Let v(l) = -1531*l + 59726. Let o be v(39). What is the highest common divisor of r and o?
17
Suppose 913 - 10857 = -22*d. Let j = 462 - d. Let u be 0 - 5*(-10)/2. Calculate the greatest common divisor of u and j.
5
Let l be -2 + 18/(216/(-4))*-33. Let j be (-5)/20 + 103/(-4). Let u = 71 + j. What is the highest common factor of u and l?
9
Let g = 24 - 27. Let p = 1 + g. Let u be p/(-5) + -1 + (-798)/(-30). What is the highest common divisor of u and 104?
26
Let k(z) = z**2 - 11*z - 128. Let f be k(20). Let y be 1170/f - (-6)/(-4). Calculate the highest common factor of y and 651.
21
Let k be 1836/9 + (-4)/((-8)/10). What is the highest common divisor of 703 and k?
19
Suppose 14797 - 3021 = 33*l - 3470. Calculate the greatest common divisor of l and 759.
33
Suppose -6*p + 10*p = -4*x + 884, 3*x - p = 643. What is the greatest common factor of x and 2088?
72
Suppose 2*o - 188 = -2*g + 20, 3*o = 5*g + 312. Calculate the greatest common factor of o and 6266.
26
Let f = -375 - -459. Let k = f - 76. Calculate the highest common factor of k and 216.
8
Let d(s) = -18*s + 3. Let r be d(-4). Let m be (-4)/6*(-3)/4*4. Suppose -6*q = -m*q - 100. Calculate the greatest common divisor of r and q.
25
Suppose -1 + 10 = -3*t, 2*t = 4*y - 18. Suppose 2635 = y*z + 14*z. What is the greatest common divisor of z and 5?
5
Let i = 16 - -88. Suppose i = 30*z - 28*z. Suppose 6*l = 2*l + z. What is the highest common factor of l and 65?
13
Let v(c) = c**2 - 13*c - 74. Let p be v(19). What is the greatest common factor of 2250 and p?
10
Suppose 21*s - 500 = 17*s. Let i = 381 - s. What is the highest common divisor of 16 and i?
16
Let d be -16*1*(83/4 + -3). Let c = -252 - d. What is the greatest common factor of c and 272?
16
Suppose 0 = 4*h + 625*h - 6290. What is the highest common divisor of 39430 and h?
10
Suppose 0 = p - 5*h - 30, -4*p = -62*h + 65*h - 74. Suppose 2*w + 27 = 5*w - 3*a, p = 3*w + 4*a. Calculate the greatest common divisor of 104 and w.
8
Let d be 23/(-23)*3611/(-1). What is the greatest common factor of 23 and d?
23
Let p be (12/2 + (-210)/49)/((-10)/(-1995)). Calculate the highest common divisor of p and 90.
18
Let t = -410 + 410. Suppose 6*m - 408 - 702 = t. Calculate the greatest common factor of 5 and m.
5
Suppose 492 = 2*t - 3*b - 441, 4*t - 1876 = 4*b. Calculate the highest common divisor of t and 18.
6
Suppose -4*z - 4*z = 9*z - 401200. Calculate the greatest common divisor of 80 and z.
80
Suppose 21*g + 5778 - 52965 = 0. Calculate the greatest common factor of g and 21.
21
Suppose -34*w + 611 = -579. Let x(r) = 8*r**2 - 1. Let b be x(-1). What is the highest common factor of b and w?
7
Suppose 6*n + 2*d - 584 = 0, -3*n + 179 = -2*d - 119. Calculate the greatest common divisor of 196 and n.
98
Let m = -27 - -32. Suppose -29 = -2*d - 4*p + 45, -d - m*p = -34. Let l = d + -24. Calculate the highest common divisor of l and 5.
5
Let t(y) = 158*y - 252. Let l be t(6). What is the greatest common divisor of l and 841?
29
Suppose -5*g + 29 = 5*q - 171, 0 = q - 3*g - 36. Let h = 2050 + -2037. Calculate the greatest common factor of h and q.
13
Let p(g) = g**2 - 15*g - 2164. Let u be p(-49). What is the highest common divisor of 384 and u?
12
Let u(w) = 15*w**2 - 331*w + 23. Let d be u(23). What is the greatest common factor of 2967 and d?
69
Suppose 7*u = -3*b + 8*u + 581, b = -4*u + 172. What is the highest common divisor of b and 17184?
96
Let s(a) = a**2 - 24*a + 15. Let j be ((-12)/10)/((-5)/100). Let n be s(j). What is the greatest common factor of n and 30?
15
Suppose -3*p + 73 = 2*c, -5*c - p - 54 = -256. Suppose 0 = -0*f + 5*f + t + c, f = 2*t - 6. Let y = 12 - f. Calculate the greatest common divisor of y and 160.
20
Let n(d) = 10*d**2 + d. Let t be n(-2). Suppose l + 2*x - 169 = 0, -173 = -l - 0*l - 4*x. Let a = t + l. Calculate the greatest common divisor of a and 29.
29
Suppose -w - 844 = -5*g, 4*g - 66*w = -61*w + 671. Let k = 9 - -4. What is the highest common factor of k and g?
13
Suppose 6 = r + 4, 3*p - 21 = -3*r. Suppose 5*a - n = 3*n + 300, -p*n + 199 = 4*a. What is the highest common divisor of a and 126?
14
Let i = 5 + 4. Suppose 55*d + 30 = 61*d. Suppose 585 = d*w - 4*f, -351 = -3*w + 38*f - 43*f. What is the highest common factor of w and i?
9
Suppose -40*a = -31*a - 3033. Suppose -a*n - 8 = -338*n. Calculate the greatest common divisor of n and 328.
8
Let x(u) = u**2 - 12*u - 1139. Let f be x(42). Calculate the greatest common factor of 5566 and f.
121
Suppose u + 126 = 5*n - 3*u, 4*u + 74 = 3*n. Suppose 2*s - n = -2*a + 20, 86 = 4*a + s. What is the greatest common factor of a and 63?
21
Let b = 53 + -48. Suppose -5*x - 4*i = 262, 